g(b) = -b - 1. Determine g(o).
0
Let z(m) = -3 - 2*m**2 - 6381*m**3 - 6375*m**3 + 12747*m**3 - 2*m. Determine z(-2).
65
Suppose -3*y + 3 = 0, 0 = 21*w - 25*w - y + 1345. Let p = -337 + w. Let r(g) = -9*g**3 + g. What is r(p)?
8
Let v(w) be the second derivative of -w**6/360 + w**5/15 + w**4/12 + 11*w**2 - w + 1. Let b(t) be the third derivative of v(t). What is b(-6)?
20
Let c(z) = z**3 + 63*z**2 + 57*z - 310. Let r be c(-62). Let g(b) = -b**3 + b**2 - 2*b - 2. Determine g(r).
-2
Let t(g) be the second derivative of -g**5/20 - g**3/6 - 17*g**2/2 - 192*g - 1. Calculate t(0).
-17
Let i(t) = 76*t - 20. Let w(y) = -32*y + 8. Let u(c) = 5*i(c) + 12*w(c). Calculate u(-8).
28
Let i(f) = -f + 3. Suppose -3*m - 383 - 163 = 0. Let x = -177 - m. Give i(x).
-2
Suppose 111*p - 46 + 95 = -62. Let h(z) = -6*z**2 - 10*z - 10. Calculate h(p).
-6
Let u(f) = f**3 + 3*f**2 + 8*f. Let q = -18481 - -18475. Give u(q).
-156
Let d(b) = -5*b - 25. Let l(v) = 2*v. Suppose -2*f + 59 = 53. Let a(j) = f*l(j) + d(j). Give a(0).
-25
Let h(j) = -j**3 + 5*j**2 + 6*j - 5. Let c = 51 + -47. Suppose 26 = a - c*r, -5*r - 37 = -3*a + a. Let y be h(a). Let b(x) = -2*x - 3. Determine b(y).
7
Let l(b) = 6*b + 1. Let j be 7/((-378)/1254) - (-2)/9. Let i = -22 - j. Give l(i).
7
Let h(v) = -25 - 7*v - 7*v**2 + 5*v**2 - 4 - 3*v + 25. What is h(-8)?
-52
Let c(p) = p**2. Suppose -107 = -19*h - 31. Suppose -4*q = 2*t - 4, 2*q = h*t - t + 2. Determine c(t).
0
Let w(b) = -6*b**2 - 7*b - 9. Let s(o) = o + 2 + 7*o**2 - o**2 - 5*o**2 - 1. Let z(t) = -5*s(t) - w(t). Give z(-3).
7
Let w = -80 + 90. Suppose h - 4*b - w = 0, -2*b - 6 = -h - 0. Let z(k) = -1 + 0 - 6*k + h + 0. Calculate z(-1).
7
Let b(y) = 18*y + 49. Suppose -59*k = -55*k + 5*z + 31, -5*z = -5. Calculate b(k).
-113
Let u(f) be the second derivative of -7*f**3/3 + 4*f**2 - 762*f. What is u(-5)?
78
Let s(b) = 17 - 19 + 19 + 9*b - 20. Give s(2).
15
Let i(a) = -1284*a + 8*a**2 + 2542*a - 1264*a. What is i(3)?
54
Let y(h) = -27*h**2 - 25*h - 34. Let g(j) = 8*j**2 + 8*j + 11. Let s(n) = 10*g(n) + 3*y(n). Give s(5).
8
Let d(p) = 1 - p + 1 - 3. Let a be d(-6). Let w be a + (-6)/(-9)*-6. Let t(h) = 7*h**3 - 2*h**2 + h. Calculate t(w).
6
Let b(s) = -s**3 - 2*s**2 + 5*s + 9. Suppose -l + 2*k + 6 = 0, k + 9 = l + 7. Determine b(l).
-1
Let w(q) be the second derivative of q**5/20 - q**4/4 - 5*q**3/6 + q**2 + 95*q. Let d be (-3)/(-2) + 20/(-8). Let f be d - -4 - -2 - 1. Determine w(f).
-2
Let y(p) = -10*p + 69. Let a be (-2332)/(-385) - (-26)/(-455). Give y(a).
9
Let a(r) = -r**3 + 22*r**2 + 17*r + 141. Let t be a(23). Let y(w) = 10*w - 8*w + 2 - w**2 + 3. Give y(t).
2
Suppose -n - 54 = 4*i, -15*n + 62 = -4*i - 20*n. Let r(c) = 2*c + 23. Let w be r(i). Let k(j) = -j**2 - j + 3. What is k(w)?
-3
Let c(a) = -a - 5. Let d be 58/8 - ((-85)/(-20) - 4). Suppose d*l - 9 = 4*l. Let z be (-4)/4*l + -1. What is c(z)?
-1
Let b(o) = -o**3 - 9*o**2 + 2*o + 9. Suppose -28*c = -0*c - 140. Suppose -c*m + 25 = -5*i, 2 - 31 = 5*i - 4*m. Give b(i).
-9
Let k(s) be the first derivative of 4*s**3/3 - 9*s**2 + 16*s - 2764. Determine k(4).
8
Let v = 9 - 5. Let h(q) = q. Let o(m) = -4*m - 10. Let l(b) = -5*b - 15. Let d(c) = -5*l(c) + 7*o(c). Let r(u) = -d(u) - 4*h(u). Determine r(v).
-9
Let u = -49 + 67. Suppose -19*m = -22*m + u. Let z(x) = -7*x + m*x + 8 - x. What is z(8)?
-8
Let o(p) = p**2 + 40*p - 80. Let w be -1*140/20 + 9. Calculate o(w).
4
Let p(x) = x**2 + 42*x + 4. Let v be p(-42). Let j(h) = -2*h**3 + 2*h**2 + 27*h - 7. What is j(v)?
5
Let z(y) = -11*y**2 - 10*y - 17. Let c(u) = -13*u**2 - 11*u - 19. Let t(m) = 5*c(m) - 6*z(m). Let j = -51 + 45. Give t(j).
13
Let p = 106 + -361. Let u = p - -241. Let v(k) = -k**2 - 13*k + 10. Give v(u).
-4
Let c(n) = -n. Let v(g) = g**2 + 3*g - 5. Let h(f) = 4*c(f) - v(f). Let q be (-320)/(-28) + (-3)/7. Let l = 3 - q. Calculate h(l).
-3
Let x be -2 + 0 - (-12)/(-3). Suppose -194 + 196 = i. Let w(u) = 2*u + i*u**3 - u - u**3 - 4*u + 2*u - 3 + 6*u**2. Determine w(x).
3
Let k(u) = -4*u - 6 + 3*u + 2*u. Let i(r) = -22*r + 110. Let w be i(4). Suppose 0*t + 4*z + w = -5*t, 0 = -2*t + 2*z - 16. Calculate k(t).
-12
Let d(z) = 2*z**2 + 20*z - 24. Suppose 116*v = 113*v - h - 35, -4*v - 5*h = 54. Determine d(v).
-2
Suppose -121*q + 32 = -119*q - 4*f, 0 = -2*q + 2*f + 36. Let d(b) = b**2 - 23*b + 59. What is d(q)?
-1
Let r = 304 + -301. Suppose 0 = r*o - 1516 + 1528. Let p(x) = x**3 + 6*x**2 + 9*x + 7. Determine p(o).
3
Let n(y) be the third derivative of -y**4/24 - 7*y**3/6 - 5980*y**2. Calculate n(-25).
18
Let t(c) = c**2 - 18*c + 75. Suppose 27 - 10 = s - 2*p, -s + 15 = -p. Let u be t(s). Let n(y) = -y**3 + 10*y**2 + 4*y. What is n(u)?
40
Suppose 5*k - 8 + 48 = 0. Let n(u) = 5*u - 3. Let l(f) be the second derivative of -3*f**3/2 + 3*f**2 + 15*f. Let a(q) = 4*l(q) + 7*n(q). Determine a(k).
11
Let w(h) = -6 + h**3 - 17*h**2 - 17*h**3 + 0*h**3 + 15*h**3. What is w(-17)?
-6
Let u(j) be the third derivative of j**6/120 + 23*j**5/60 + j**4/8 + 4*j**3 - 4*j**2 - 161. Calculate u(-23).
-45
Let t(y) = y - 3. Suppose -12*a - 176 = 760. Let k = 42 + a. Let b = k - -39. What is t(b)?
0
Let q(t) = -t**3 + 17*t**2 + 20*t + 7. Let a be q(18). Suppose -h - 35 - 35 = 5*c, 4*c = -2*h - 116. Let g = a + h. Let o(n) = n**2 + 6*n + 3. Give o(g).
10
Let r(f) = -6*f**3 - 3*f**2 - f + 3. Let q(j) = 28*j**3 + 13*j**2 + 4*j - 13. Let y(t) = 2*q(t) + 9*r(t). Calculate y(1).
1
Let b(r) = r**3 + 2*r**2 + 3*r + 2. Let x = 544 - -273. Let z = x + -819. What is b(z)?
-4
Let d(o) = o**2 + 13*o + 25. Let j(v) = -2*v**2 - 26*v - 52. Let u(k) = 7*d(k) + 3*j(k). What is u(-3)?
-11
Suppose -4*y - 3*z = -124, -3*y + 8*z - 6*z + 76 = 0. Let b(f) = -9*f + 255. Give b(y).
3
Let o(s) = -2*s - 4. Let x be o(-8). Let f(a) = 3 - x + 4*a - 3*a. Suppose -7*l + r - 16 = -10*l, 5*r = -l + 10. Determine f(l).
-4
Suppose -3*u + u + 10 = 0. Let d(a) = 327*a**2 + 47*a - 5. Let i(m) = 196*m**2 + 28*m - 2. Let y(g) = -3*d(g) + 5*i(g). Give y(u).
-25
Let m(y) = -y - 8. Let n = -11 - 12. Suppose 0*u = 3*u + 2*d + 41, -3*d = -u - 32. Let h = n - u. Determine m(h).
-2
Let s(j) = -2*j**3 + 27*j**2 - 11*j + 54. Let i be s(13). Suppose -2*m = 3*m - 10, 5*a = -4*m - 397. Let n = i + a. Let c(l) = -l**2 + l + 1. Calculate c(n).
-1
Let k(t) = 3*t**3 + 50*t**2 - 16*t + 12. Suppose -5*n - w - 78 = 0, -14*w + 18*w = -3*n - 23. Determine k(n).
-5
Let a be -1*((-12)/(-8) + -1) - (-15)/(-6). Let s(o) = -5*o**2 + 3*o + 2. Determine s(a).
-52
Suppose q = 6 - 46. Let o = 58 + q. Let z be 6/(-1)*(-6)/o + -1. Let a(r) = 24*r + 1. Give a(z).
25
Let l(z) = z**2 + 9*z - 3. Let u(x) = 5*x**2 + 37*x - 11. Let t(p) = -9*l(p) + 2*u(p). Suppose 4*q + s - 24 = 0, -q + 12*s - 8*s + 6 = 0. Determine t(q).
-1
Let x = -63 + 231. Let n = x + -167. Let g(j) = 7*j**3 + j**2 - 1. Determine g(n).
7
Let c be 0 + (-8)/10*60/24. Let x be (-4 - 5/c)*-2. Suppose -80 = 5*b + 5*o - 5, -55 = 4*b + x*o. Let g(m) = -m**2 - 11*m - 4. What is g(b)?
6
Suppose 9 = -2*t + 25. Suppose -t*z + 88 = -0*z. Let n(k) = -2 + z*k + 3 - 3*k - k. Determine n(1).
8
Let o(a) = 72395*a - 144714*a + 1 + 72393*a. What is o(1)?
75
Let c = -31363 + 31359. Let p(w) = -2*w**2 + 10*w + 13. Give p(c).
-59
Let f be (-6 - (-288)/60)/(6/(-60)). Let p(z) = -z**3 + 12*z**2 + 29*z - 347. Calculate p(f).
1
Let w(s) = 3*s**2 - 12*s - 5. Let m be w(5). Let q(z) = -3 - 6*z + m + 8 + 3*z. What is q(10)?
-15
Let j(q) = -q + 3. Let g be (-45)/(-20)*(-48)/9. Let f be (1 - -17)/(-6*3/g). Suppose 3*x + k + 23 = 0, 0 = -x - x + k - f. Give j(x).
10
Let g(s) = -26*s**2 - 15*s + 8. Let d(y) = 15*y**2 + 8*y - 4. Let q(o) = 7*d(o) + 4*g(o). Suppose 2*z + 0 - 6 = 0. Determine q(z).
1
Suppose -2*x = -6, 3*z + 3*x - 37 - 11 = 0. Suppose -4*f = f - 4*j + 15, -2*f + 3*j - z = 0. Let g(d) = 5*d + 1. Calculate g(f).
6
Let j(r) = 136*r + 410. Let u be j(-3). Let w(d) = -2*d**2 + 34*d - 64. Calculate w(u).
-4
Let a be 1/5 - (-36)/20. Suppose -4*r - 4*m + 136 = 0, r - 172 = -3*r + 5*m. Let c(x) = -r*x - 34*x + 62*x + 0*x**2 + 10 + x**a. Determine c(9).
1
Let n be (-2)/(-4) - (-15)/6. Suppose -8*s + 7*s = -n*k - 91, -4*k = -2*s + 182. Let o = s + -85. Let d(a) = a**2 - 6*a - 6. Determine d(o).
-6
Let f(u) = 5*u**2 - 110*u + 118. Let t(h) = 3*h**2 - 66*h + 69. Let y(i) = -7*f(i) + 12*t(i). C